{"id":3473,"date":"2022-08-19T22:23:39","date_gmt":"2022-08-19T19:23:39","guid":{"rendered":"https:\/\/help-ka.ru\/market\/product\/lenovo-yoga-7i-gen-7-14-intel-processador-intel-core-i5-1235u-de-12a-geracao-nucleos-de-eficiencia-de-ate-330-ghz-nucleos-de-desempenho-de-ate-440-ghz-windows-11-home-64-ssd-de\/"},"modified":"2022-09-04T11:43:26","modified_gmt":"2022-09-04T08:43:26","slug":"lenovo-yoga-7i-gen-7-14-intel-processador-intel-core-i5-1235u-de-12a-geracao-nucleos-de-eficiencia-de-ate-330-ghz-nucleos-de-desempenho-de-ate-440-ghz-windows-11-home-64-ssd-de","status":"publish","type":"product","link":"https:\/\/help-ka.ru\/market\/product\/lenovo-yoga-7i-gen-7-14-intel-processador-intel-core-i5-1235u-de-12a-geracao-nucleos-de-eficiencia-de-ate-330-ghz-nucleos-de-desempenho-de-ate-440-ghz-windows-11-home-64-ssd-de\/","title":{"rendered":"Lenovo Yoga 7i Gen 7 (14&#8243; Intel) Processador Intel\u00ae Core\u2122 i5-1235U de 12\u00aa gera\u00e7\u00e3o (n\u00facleos de efici\u00eancia de at\u00e9 3,30 GHz, n\u00facleos de desempenho de at\u00e9 4,40 GHz)\/Windows 11 Home 64\/SSD de 512 GB M.2 2242 PCIe Gen4 TLC"},"content":{"rendered":"<p>O Yoga 7i (7.\u00aa gera\u00e7\u00e3o) de 14&#8243; (35,56 cm, Intel) permite tirar partido da criatividade com os processadores Intel\u00ae Core\u2122 i7 at\u00e9 12.\u00aa gera\u00e7\u00e3o e bateria para todo o dia. Para al\u00e9m da versatilidade multimodal de 360 graus e do chassis monobloco de grande precis\u00e3o, este elegante dispositivo ostenta um design Comfort-Edge. Fa\u00e7a streaming, crie, trabalhe e jogue apaixonadamente com o Dolby Vision\u2122, bem como com as quatro colunas otimizadas por Dolby Atmos\u00ae e um luminoso ecr\u00e3 t\u00e1til at\u00e9 OLED 2,8 K.<\/p>\n","protected":false},"excerpt":{"rendered":"<p>O Yoga 7i (7.\u00aa gera\u00e7\u00e3o) de 14&#8243; (35,56 cm, Intel) permite tirar partido da criatividade com os processadores Intel\u00ae Core\u2122 i7 at\u00e9 12.\u00aa gera\u00e7\u00e3o e bateria para todo o dia. Para al\u00e9m da versatilidade multimodal de 360 graus e do chassis monobloco de grande precis\u00e3o, este elegante dispositivo ostenta um design Comfort-Edge. Fa\u00e7a streaming, crie, &#8230;<a class=\"r_more_blog\" href=\"https:\/\/help-ka.ru\/market\/product\/lenovo-yoga-7i-gen-7-14-intel-processador-intel-core-i5-1235u-de-12a-geracao-nucleos-de-eficiencia-de-ate-330-ghz-nucleos-de-desempenho-de-ate-440-ghz-windows-11-home-64-ssd-de\/#more-3473\"><i class=\"fa fa-sign-in\"><\/i> read more<\/a><\/p>\n","protected":false},"featured_media":0,"comment_status":"open","ping_status":"closed","template":"","meta":[],"product_cat":[15,133],"product_tag":[],"class_list":{"0":"post-3473","1":"product","2":"type-product","3":"status-publish","5":"product_cat-misc","6":"product_cat-czifrovaya-tehnika","8":"first","9":"instock","10":"sale","11":"shipping-taxable","12":"product-type-external"},"yoast_head":"<!-- This site is optimized with the Yoast SEO Premium plugin v19.3 (Yoast SEO v20.7) - https:\/\/yoast.com\/wordpress\/plugins\/seo\/ -->\n<title>Lenovo Yoga 7i Gen 7 (14&quot; Intel) Processador Intel\u00ae Core\u2122 i5-1235U de 12\u00aa gera\u00e7\u00e3o (n\u00facleos de efici\u00eancia de at\u00e9 3,30 GHz, n\u00facleos de desempenho de at\u00e9 4,40 GHz)\/Windows 11 Home 64\/SSD de 512 GB M.2 2242 PCIe Gen4 TLC - Market<\/title>\n<meta name=\"robots\" content=\"index, follow, max-snippet:-1, max-image-preview:large, max-video-preview:-1\" \/>\n<link rel=\"canonical\" href=\"https:\/\/help-ka.ru\/market\/product\/lenovo-yoga-7i-gen-7-14-intel-processador-intel-core-i5-1235u-de-12a-geracao-nucleos-de-eficiencia-de-ate-330-ghz-nucleos-de-desempenho-de-ate-440-ghz-windows-11-home-64-ssd-de\/\" \/>\n<meta property=\"og:locale\" content=\"ru_RU\" \/>\n<meta property=\"og:type\" content=\"article\" \/>\n<meta property=\"og:title\" content=\"Lenovo Yoga 7i Gen 7 (14&quot; Intel) Processador Intel\u00ae Core\u2122 i5-1235U de 12\u00aa gera\u00e7\u00e3o (n\u00facleos de efici\u00eancia de at\u00e9 3,30 GHz, n\u00facleos de desempenho de at\u00e9 4,40 GHz)\/Windows 11 Home 64\/SSD de 512 GB M.2 2242 PCIe Gen4 TLC\" \/>\n<meta property=\"og:description\" content=\"O Yoga 7i (7.\u00aa gera\u00e7\u00e3o) de 14&#8243; (35,56 cm, Intel) permite tirar partido da criatividade com os processadores Intel\u00ae Core\u2122 i7 at\u00e9 12.\u00aa gera\u00e7\u00e3o e bateria para todo o dia. Para al\u00e9m da versatilidade multimodal de 360 graus e do chassis monobloco de grande precis\u00e3o, este elegante dispositivo ostenta um design Comfort-Edge. Fa\u00e7a streaming, crie, ... read more\" \/>\n<meta property=\"og:url\" content=\"https:\/\/help-ka.ru\/market\/product\/lenovo-yoga-7i-gen-7-14-intel-processador-intel-core-i5-1235u-de-12a-geracao-nucleos-de-eficiencia-de-ate-330-ghz-nucleos-de-desempenho-de-ate-440-ghz-windows-11-home-64-ssd-de\/\" \/>\n<meta property=\"og:site_name\" content=\"Market\" \/>\n<meta property=\"article:modified_time\" content=\"2022-09-04T08:43:26+00:00\" \/>\n<meta name=\"twitter:card\" content=\"summary_large_image\" \/>\n<meta name=\"twitter:label1\" content=\"\u0426\u0435\u043d\u0430\" \/>\n\t<meta name=\"twitter:data1\" content=\"115,580.18&#8381;\" \/>\n\t<meta name=\"twitter:label2\" content=\"Availability\" \/>\n\t<meta name=\"twitter:data2\" content=\"In stock\" \/>\n<script type=\"application\/ld+json\" class=\"yoast-schema-graph\">{\"@context\":\"https:\/\/schema.org\",\"@graph\":[{\"@type\":\"WebPage\",\"@id\":\"https:\/\/help-ka.ru\/market\/product\/lenovo-yoga-7i-gen-7-14-intel-processador-intel-core-i5-1235u-de-12a-geracao-nucleos-de-eficiencia-de-ate-330-ghz-nucleos-de-desempenho-de-ate-440-ghz-windows-11-home-64-ssd-de\/\",\"url\":\"https:\/\/help-ka.ru\/market\/product\/lenovo-yoga-7i-gen-7-14-intel-processador-intel-core-i5-1235u-de-12a-geracao-nucleos-de-eficiencia-de-ate-330-ghz-nucleos-de-desempenho-de-ate-440-ghz-windows-11-home-64-ssd-de\/\",\"name\":\"Lenovo Yoga 7i Gen 7 (14\\\" Intel) Processador Intel\u00ae Core\u2122 i5-1235U de 12\u00aa gera\u00e7\u00e3o (n\u00facleos de efici\u00eancia de at\u00e9 3,30 GHz, n\u00facleos de desempenho de at\u00e9 4,40 GHz)\/Windows 11 Home 64\/SSD de 512 GB M.2 2242 PCIe Gen4 TLC - Market\",\"isPartOf\":{\"@id\":\"https:\/\/help-ka.ru\/market\/#website\"},\"datePublished\":\"2022-08-19T19:23:39+00:00\",\"dateModified\":\"2022-09-04T08:43:26+00:00\",\"breadcrumb\":{\"@id\":\"https:\/\/help-ka.ru\/market\/product\/lenovo-yoga-7i-gen-7-14-intel-processador-intel-core-i5-1235u-de-12a-geracao-nucleos-de-eficiencia-de-ate-330-ghz-nucleos-de-desempenho-de-ate-440-ghz-windows-11-home-64-ssd-de\/#breadcrumb\"},\"inLanguage\":\"ru-RU\",\"potentialAction\":[{\"@type\":\"ReadAction\",\"target\":[\"https:\/\/help-ka.ru\/market\/product\/lenovo-yoga-7i-gen-7-14-intel-processador-intel-core-i5-1235u-de-12a-geracao-nucleos-de-eficiencia-de-ate-330-ghz-nucleos-de-desempenho-de-ate-440-ghz-windows-11-home-64-ssd-de\/\"]}]},{\"@type\":\"BreadcrumbList\",\"@id\":\"https:\/\/help-ka.ru\/market\/product\/lenovo-yoga-7i-gen-7-14-intel-processador-intel-core-i5-1235u-de-12a-geracao-nucleos-de-eficiencia-de-ate-330-ghz-nucleos-de-desempenho-de-ate-440-ghz-windows-11-home-64-ssd-de\/#breadcrumb\",\"itemListElement\":[{\"@type\":\"ListItem\",\"position\":1,\"name\":\"\u0413\u043b\u0430\u0432\u043d\u0430\u044f \u0441\u0442\u0440\u0430\u043d\u0438\u0446\u0430\",\"item\":\"https:\/\/help-ka.ru\/market\/\"},{\"@type\":\"ListItem\",\"position\":2,\"name\":\"\u0412\u0438\u0442\u0440\u0438\u043d\u0430 \u043c\u0430\u0433\u0430\u0437\u0438\u043d\u0430\",\"item\":\"https:\/\/help-ka.ru\/market\/\"},{\"@type\":\"ListItem\",\"position\":3,\"name\":\"Lenovo Yoga 7i Gen 7 (14&#8243; Intel) Processador Intel\u00ae Core\u2122 i5-1235U de 12\u00aa gera\u00e7\u00e3o (n\u00facleos de efici\u00eancia de at\u00e9 3,30 GHz, n\u00facleos de desempenho de at\u00e9 4,40 GHz)\/Windows 11 Home 64\/SSD de 512 GB M.2 2242 PCIe Gen4 TLC\"}]},{\"@type\":\"WebSite\",\"@id\":\"https:\/\/help-ka.ru\/market\/#website\",\"url\":\"https:\/\/help-ka.ru\/market\/\",\"name\":\"Market\",\"description\":\"\u041c\u0430\u0440\u043a\u0435\u0442\u043f\u043b\u0435\u0439\u0441 \u043e\u0442 Help-ka.ru\",\"publisher\":{\"@id\":\"https:\/\/help-ka.ru\/market\/#organization\"},\"potentialAction\":[{\"@type\":\"SearchAction\",\"target\":{\"@type\":\"EntryPoint\",\"urlTemplate\":\"https:\/\/help-ka.ru\/market\/?s={search_term_string}\"},\"query-input\":\"required name=search_term_string\"}],\"inLanguage\":\"ru-RU\"},{\"@type\":[\"Organization\",\"Place\"],\"@id\":\"https:\/\/help-ka.ru\/market\/#organization\",\"name\":\"H-Market\",\"alternateName\":\"Help'ka - \u041c\u0430\u0440\u043a\u0435\u0442\",\"url\":\"https:\/\/help-ka.ru\/market\/\",\"logo\":{\"@id\":\"https:\/\/help-ka.ru\/market\/product\/lenovo-yoga-7i-gen-7-14-intel-processador-intel-core-i5-1235u-de-12a-geracao-nucleos-de-eficiencia-de-ate-330-ghz-nucleos-de-desempenho-de-ate-440-ghz-windows-11-home-64-ssd-de\/#local-main-organization-logo\"},\"image\":{\"@id\":\"https:\/\/help-ka.ru\/market\/product\/lenovo-yoga-7i-gen-7-14-intel-processador-intel-core-i5-1235u-de-12a-geracao-nucleos-de-eficiencia-de-ate-330-ghz-nucleos-de-desempenho-de-ate-440-ghz-windows-11-home-64-ssd-de\/#local-main-organization-logo\"},\"sameAs\":[\"https:\/\/ok.ru\/group\/57994361110723\",\"https:\/\/vk.com\/all_russian_portal_helpka\"],\"openingHoursSpecification\":[{\"@type\":\"OpeningHoursSpecification\",\"dayOfWeek\":[\"Monday\",\"Tuesday\",\"Wednesday\",\"Thursday\",\"Friday\",\"Saturday\",\"Sunday\"],\"opens\":\"09:00\",\"closes\":\"17:00\"}]},{\"@type\":\"ImageObject\",\"inLanguage\":\"ru-RU\",\"@id\":\"https:\/\/help-ka.ru\/market\/product\/lenovo-yoga-7i-gen-7-14-intel-processador-intel-core-i5-1235u-de-12a-geracao-nucleos-de-eficiencia-de-ate-330-ghz-nucleos-de-desempenho-de-ate-440-ghz-windows-11-home-64-ssd-de\/#local-main-organization-logo\",\"url\":\"https:\/\/help-ka.ru\/market\/wp-content\/uploads\/2022\/09\/h-market555.png\",\"contentUrl\":\"https:\/\/help-ka.ru\/market\/wp-content\/uploads\/2022\/09\/h-market555.png\",\"width\":154,\"height\":60,\"caption\":\"H-Market\"}]}<\/script>\n<meta property=\"product:price:amount\" content=\"115580.18\" \/>\n<meta property=\"product:price:currency\" content=\"RUB\" \/>\n<meta property=\"og:availability\" content=\"instock\" \/>\n<meta property=\"product:availability\" content=\"instock\" \/>\n<meta property=\"product:condition\" content=\"new\" \/>\n<!-- \/ Yoast SEO Premium plugin. -->","yoast_head_json":{"title":"Lenovo Yoga 7i Gen 7 (14\" Intel) Processador Intel\u00ae Core\u2122 i5-1235U de 12\u00aa gera\u00e7\u00e3o (n\u00facleos de efici\u00eancia de at\u00e9 3,30 GHz, n\u00facleos de desempenho de at\u00e9 4,40 GHz)\/Windows 11 Home 64\/SSD de 512 GB M.2 2242 PCIe Gen4 TLC - Market","robots":{"index":"index","follow":"follow","max-snippet":"max-snippet:-1","max-image-preview":"max-image-preview:large","max-video-preview":"max-video-preview:-1"},"canonical":"https:\/\/help-ka.ru\/market\/product\/lenovo-yoga-7i-gen-7-14-intel-processador-intel-core-i5-1235u-de-12a-geracao-nucleos-de-eficiencia-de-ate-330-ghz-nucleos-de-desempenho-de-ate-440-ghz-windows-11-home-64-ssd-de\/","og_locale":"ru_RU","og_type":"article","og_title":"Lenovo Yoga 7i Gen 7 (14\" Intel) Processador Intel\u00ae Core\u2122 i5-1235U de 12\u00aa gera\u00e7\u00e3o (n\u00facleos de efici\u00eancia de at\u00e9 3,30 GHz, n\u00facleos de desempenho de at\u00e9 4,40 GHz)\/Windows 11 Home 64\/SSD de 512 GB M.2 2242 PCIe Gen4 TLC","og_description":"O Yoga 7i (7.\u00aa gera\u00e7\u00e3o) de 14&#8243; (35,56 cm, Intel) permite tirar partido da criatividade com os processadores Intel\u00ae Core\u2122 i7 at\u00e9 12.\u00aa gera\u00e7\u00e3o e bateria para todo o dia. Para al\u00e9m da versatilidade multimodal de 360 graus e do chassis monobloco de grande precis\u00e3o, este elegante dispositivo ostenta um design Comfort-Edge. Fa\u00e7a streaming, crie, ... read more","og_url":"https:\/\/help-ka.ru\/market\/product\/lenovo-yoga-7i-gen-7-14-intel-processador-intel-core-i5-1235u-de-12a-geracao-nucleos-de-eficiencia-de-ate-330-ghz-nucleos-de-desempenho-de-ate-440-ghz-windows-11-home-64-ssd-de\/","og_site_name":"Market","article_modified_time":"2022-09-04T08:43:26+00:00","twitter_card":"summary_large_image","twitter_misc":{"\u0426\u0435\u043d\u0430":"115,580.18&#8381;","Availability":"In stock"},"schema":{"@context":"https:\/\/schema.org","@graph":[{"@type":"WebPage","@id":"https:\/\/help-ka.ru\/market\/product\/lenovo-yoga-7i-gen-7-14-intel-processador-intel-core-i5-1235u-de-12a-geracao-nucleos-de-eficiencia-de-ate-330-ghz-nucleos-de-desempenho-de-ate-440-ghz-windows-11-home-64-ssd-de\/","url":"https:\/\/help-ka.ru\/market\/product\/lenovo-yoga-7i-gen-7-14-intel-processador-intel-core-i5-1235u-de-12a-geracao-nucleos-de-eficiencia-de-ate-330-ghz-nucleos-de-desempenho-de-ate-440-ghz-windows-11-home-64-ssd-de\/","name":"Lenovo Yoga 7i Gen 7 (14\" Intel) Processador Intel\u00ae Core\u2122 i5-1235U de 12\u00aa gera\u00e7\u00e3o (n\u00facleos de efici\u00eancia de at\u00e9 3,30 GHz, n\u00facleos de desempenho de at\u00e9 4,40 GHz)\/Windows 11 Home 64\/SSD de 512 GB M.2 2242 PCIe Gen4 TLC - Market","isPartOf":{"@id":"https:\/\/help-ka.ru\/market\/#website"},"datePublished":"2022-08-19T19:23:39+00:00","dateModified":"2022-09-04T08:43:26+00:00","breadcrumb":{"@id":"https:\/\/help-ka.ru\/market\/product\/lenovo-yoga-7i-gen-7-14-intel-processador-intel-core-i5-1235u-de-12a-geracao-nucleos-de-eficiencia-de-ate-330-ghz-nucleos-de-desempenho-de-ate-440-ghz-windows-11-home-64-ssd-de\/#breadcrumb"},"inLanguage":"ru-RU","potentialAction":[{"@type":"ReadAction","target":["https:\/\/help-ka.ru\/market\/product\/lenovo-yoga-7i-gen-7-14-intel-processador-intel-core-i5-1235u-de-12a-geracao-nucleos-de-eficiencia-de-ate-330-ghz-nucleos-de-desempenho-de-ate-440-ghz-windows-11-home-64-ssd-de\/"]}]},{"@type":"BreadcrumbList","@id":"https:\/\/help-ka.ru\/market\/product\/lenovo-yoga-7i-gen-7-14-intel-processador-intel-core-i5-1235u-de-12a-geracao-nucleos-de-eficiencia-de-ate-330-ghz-nucleos-de-desempenho-de-ate-440-ghz-windows-11-home-64-ssd-de\/#breadcrumb","itemListElement":[{"@type":"ListItem","position":1,"name":"\u0413\u043b\u0430\u0432\u043d\u0430\u044f \u0441\u0442\u0440\u0430\u043d\u0438\u0446\u0430","item":"https:\/\/help-ka.ru\/market\/"},{"@type":"ListItem","position":2,"name":"\u0412\u0438\u0442\u0440\u0438\u043d\u0430 \u043c\u0430\u0433\u0430\u0437\u0438\u043d\u0430","item":"https:\/\/help-ka.ru\/market\/"},{"@type":"ListItem","position":3,"name":"Lenovo Yoga 7i Gen 7 (14&#8243; Intel) Processador Intel\u00ae Core\u2122 i5-1235U de 12\u00aa gera\u00e7\u00e3o (n\u00facleos de efici\u00eancia de at\u00e9 3,30 GHz, n\u00facleos de desempenho de at\u00e9 4,40 GHz)\/Windows 11 Home 64\/SSD de 512 GB M.2 2242 PCIe Gen4 TLC"}]},{"@type":"WebSite","@id":"https:\/\/help-ka.ru\/market\/#website","url":"https:\/\/help-ka.ru\/market\/","name":"Market","description":"\u041c\u0430\u0440\u043a\u0435\u0442\u043f\u043b\u0435\u0439\u0441 \u043e\u0442 Help-ka.ru","publisher":{"@id":"https:\/\/help-ka.ru\/market\/#organization"},"potentialAction":[{"@type":"SearchAction","target":{"@type":"EntryPoint","urlTemplate":"https:\/\/help-ka.ru\/market\/?s={search_term_string}"},"query-input":"required name=search_term_string"}],"inLanguage":"ru-RU"},{"@type":["Organization","Place"],"@id":"https:\/\/help-ka.ru\/market\/#organization","name":"H-Market","alternateName":"Help'ka - \u041c\u0430\u0440\u043a\u0435\u0442","url":"https:\/\/help-ka.ru\/market\/","logo":{"@id":"https:\/\/help-ka.ru\/market\/product\/lenovo-yoga-7i-gen-7-14-intel-processador-intel-core-i5-1235u-de-12a-geracao-nucleos-de-eficiencia-de-ate-330-ghz-nucleos-de-desempenho-de-ate-440-ghz-windows-11-home-64-ssd-de\/#local-main-organization-logo"},"image":{"@id":"https:\/\/help-ka.ru\/market\/product\/lenovo-yoga-7i-gen-7-14-intel-processador-intel-core-i5-1235u-de-12a-geracao-nucleos-de-eficiencia-de-ate-330-ghz-nucleos-de-desempenho-de-ate-440-ghz-windows-11-home-64-ssd-de\/#local-main-organization-logo"},"sameAs":["https:\/\/ok.ru\/group\/57994361110723","https:\/\/vk.com\/all_russian_portal_helpka"],"openingHoursSpecification":[{"@type":"OpeningHoursSpecification","dayOfWeek":["Monday","Tuesday","Wednesday","Thursday","Friday","Saturday","Sunday"],"opens":"09:00","closes":"17:00"}]},{"@type":"ImageObject","inLanguage":"ru-RU","@id":"https:\/\/help-ka.ru\/market\/product\/lenovo-yoga-7i-gen-7-14-intel-processador-intel-core-i5-1235u-de-12a-geracao-nucleos-de-eficiencia-de-ate-330-ghz-nucleos-de-desempenho-de-ate-440-ghz-windows-11-home-64-ssd-de\/#local-main-organization-logo","url":"https:\/\/help-ka.ru\/market\/wp-content\/uploads\/2022\/09\/h-market555.png","contentUrl":"https:\/\/help-ka.ru\/market\/wp-content\/uploads\/2022\/09\/h-market555.png","width":154,"height":60,"caption":"H-Market"}]},"product_price_amount":"115580.18","product_price_currency":"RUB","og_availability":"instock","product_availability":"instock","product_condition":"new"},"_links":{"self":[{"href":"https:\/\/help-ka.ru\/market\/wp-json\/wp\/v2\/product\/3473","targetHints":{"allow":["GET"]}}],"collection":[{"href":"https:\/\/help-ka.ru\/market\/wp-json\/wp\/v2\/product"}],"about":[{"href":"https:\/\/help-ka.ru\/market\/wp-json\/wp\/v2\/types\/product"}],"replies":[{"embeddable":true,"href":"https:\/\/help-ka.ru\/market\/wp-json\/wp\/v2\/comments?post=3473"}],"wp:attachment":[{"href":"https:\/\/help-ka.ru\/market\/wp-json\/wp\/v2\/media?parent=3473"}],"wp:term":[{"taxonomy":"product_cat","embeddable":true,"href":"https:\/\/help-ka.ru\/market\/wp-json\/wp\/v2\/product_cat?post=3473"},{"taxonomy":"product_tag","embeddable":true,"href":"https:\/\/help-ka.ru\/market\/wp-json\/wp\/v2\/product_tag?post=3473"}],"curies":[{"name":"wp","href":"https:\/\/api.w.org\/{rel}","templated":true}]}}